posite?
True
Suppose -5*z = -2*r + 33592, 6188 + 27410 = 2*r - 4*z. Is r composite?
False
Suppose -16 = -5*m - 1. Is 79520/48 + 1/m prime?
True
Let l = 339 - 325. Let f(c) = 17*c**2 + 13*c + 33. Is f(l) a prime number?
True
Let l(j) = 14661*j**2 + 722*j + 7. Is l(6) a composite number?
True
Let j = 385 + -387. Is ((-6)/(-72)*4)/(j/(-97806)) composite?
False
Let p(w) be the third derivative of 7*w**4/3 + 13*w**3/2 + 2*w**2 - 54. Suppose z = 1 + 4. Is p(z) a prime number?
False
Let r be -3*(3896/(-3) - -4). Let m = 2531 - r. Is 8*(m/(-12) - 3) a composite number?
True
Suppose 2*l = -2*w - 4, 3*l - 2 + 14 = -w. Let g(d) = -2 - 13*d + 0 - 95*d. Is g(l) a composite number?
True
Let t(o) = -22*o + 3559. Is t(51) composite?
False
Suppose -5*w + 6*w + b = 421, w - b - 411 = 0. Let a = w - -1235. Is a a composite number?
True
Let p(v) = v**3 + 36*v**2 + 78*v + 206. Let a be p(-32). Suppose 0 = 5*g - 32 - 13. Suppose -a - 2505 = -g*q. Is q a composite number?
False
Let v(d) = -d**3 + d**2 + 1. Let c(i) = -7*i**3 - 7*i**2 - 3*i - 12. Let o(l) = -c(l) - v(l). Is o(6) composite?
False
Let n = -23830 + 36923. Is n composite?
False
Let g = 175447 + 125034. Is g composite?
False
Is 1853844/(-8)*((-10)/(-30) + (-1 - 0)) composite?
False
Let g = -229 - -225. Let h(n) = -13 - 18*n + 121*n**2 - 11*n + 20*n - 28*n**2. Is h(g) prime?
True
Is (-24 - -22 - (-308324)/24)*(4 + 2) a prime number?
True
Let o be 2 + -1 + (1 - -1). Let w = 209 - 200. Suppose -o*d = -w, 2*x + 12 - 260 = 2*d. Is x composite?
False
Let m = -61 + 65. Suppose -m*t + 4951 + 825 = 4*x, 0 = 2*t - 10. Is x a composite number?
False
Suppose 63*x + 136738 = 70*x. Let f = x - 10179. Is f composite?
True
Is 1 + ((-148206)/24*-29 - (-10)/(-40)) composite?
False
Suppose 2*b - 6 = -2*n, 0 = -5*n + 3*b - 1 - 8. Let c be 221 + -1 + n + 1. Suppose -5*f - 280 = -5*p, -c = -5*p + p + 3*f. Is p a composite number?
False
Let s(l) = l**2 + 7*l - 14. Let k be s(-7). Is (2 - (-30808)/6) + k/(-42) prime?
False
Let v(f) = f**2 + f + 1. Let s(x) = 7*x**2 - 13*x + 34. Let w(a) = s(a) - 6*v(a). Let l be w(18). Is (3 + (-65)/l)*-22 composite?
True
Suppose 0 = -3*n - 12 - 6. Is (n + (-141)/(-9))*141 a prime number?
False
Let u = 23004 + 76699. Is u prime?
False
Let s be 0/(2*2/(-2)). Suppose -f - 2*q - 13 = 0, 2*f - 4*q - 11 = -f. Is f + 1 + 699 + s a composite number?
True
Is ((-28623)/517 + 55)*12335818/(-4) composite?
True
Suppose 0 = 59*a + 19*a + 8818845 - 35542035. Is a prime?
False
Suppose 10*x - 1056858 = -18*x + 361930. Is x a composite number?
False
Suppose 35*w - 31*w = -40. Let s be 5/3*2/(w/(-15)). Suppose -203 = -s*c + 3*g + 602, 4*c - 637 = g. Is c a prime number?
False
Let z(u) = u + 24. Suppose 33 = -4*l - 55. Let i be z(l). Is (-889)/(-1) + (i + 1 - 5) a prime number?
True
Suppose 4*v + 6 = 30. Suppose 0 = -10*i + v*i + 20. Suppose 0 = i*t - 8430 + 1835. Is t a prime number?
True
Let f = 65 - 57. Suppose f*r - 14*r = -30. Suppose 3*k + r*j = 74 + 330, 0 = k + 3*j - 136. Is k a prime number?
False
Let j be -1 + (-2)/1 + (-43 - -50). Suppose -4*c + y + 2848 = -y, 2*y - j = 0. Is c a prime number?
False
Let c = 45 - 40. Suppose -2*y = 2*f - 7*y - 2694, c*f - 2*y - 6693 = 0. Is 0/3*-1 + f/1 a composite number?
True
Let g(k) = 43*k**2 - 17*k + 62. Let d(z) = 14*z**2 - 6*z + 21. Let o(p) = 7*d(p) - 2*g(p). Is o(-16) composite?
True
Suppose 6*i - 895133 = 17*i - 4768684. Is i a composite number?
True
Let s(j) = 2153*j**2 - 6*j - 10. Is s(7) a composite number?
True
Let v = 299 + -296. Is 255 - (7 + 5)/v composite?
False
Let z(n) = -5*n**3 - 8*n**2 + 4*n + 21. Let v(p) = -4*p**3 - 8*p**2 + 4*p + 21. Let h(q) = 3*v(q) - 2*z(q). Is h(-7) composite?
True
Suppose 12*w = 13*w + 7815. Let m be w/(-70)*2 - (-4)/(-14). Let r = m + -78. Is r prime?
False
Let p(n) = 29458*n + 581. Is p(5) prime?
False
Let a(f) = 5*f + 6*f**2 - 19 - 6*f + 9 - f**3. Let q be a(3). Is q/49 - (-26307)/21 a prime number?
False
Let t = -704387 + 1663354. Is t prime?
True
Let k = -21222 - -57259. Is k a composite number?
False
Suppose 130102 = 4*x + 2*a, 15*a - 16*a = -3*x + 97574. Suppose 29*m + 1176 - x = 0. Is m prime?
False
Let g(k) = 2*k**2 - 5*k - 40. Let i be g(-6). Let u = i + 212. Let n = u - 63. Is n prime?
True
Let y = 179 - 176. Is 1834 + (9/y)/1 a prime number?
False
Let d = -12 + 10. Let b be d/11 - (-31)/(-11). Is 859*-3*1/b a composite number?
False
Is 1868252/(-6)*((-22)/(-99) - 31/18) prime?
True
Let u = 211 + -209. Suppose 0 = u*a + 3*p - 7879, 3*p + 0*p + 7861 = 2*a. Is a composite?
True
Let f = 52 - 65. Let i(z) = z**3 + 14*z**2 - 4*z + 18. Let u be i(f). Let d = u - -54. Is d a composite number?
False
Let c(p) = 69*p**2 - 123*p + 19. Let q be c(8). Let t = 1930 + q. Is t a composite number?
False
Let a = 284 + -327. Is 301/a + (97 - 1) a composite number?
False
Let r(t) = -t**3 + 102*t**2 - 717*t - 13. Is r(76) a composite number?
True
Let j(p) be the first derivative of -p**3/3 - 9*p**2/2 + 25*p + 3. Let r be j(-11). Suppose -316 = -2*f + 2*g, r*f - 385 = -3*g + 83. Is f a composite number?
False
Is 13 - 3322484/(-26 - -15) a composite number?
True
Let c = 12940 + 743. Is c prime?
False
Let a be (4/3)/(1/((-9)/(-6))). Let r be (-52)/130 - a*(-87)/10. Suppose 3*w = r - 5, -3*x + 1749 = -3*w. Is x a prime number?
True
Let a(h) = 747*h**2 - h + 216. Is a(-10) prime?
False
Suppose 0 = -5*l + 5*p + 6084755, 2*l + 3*p - 2405935 = 27987. Is l a prime number?
False
Let c be (-1)/3 + (-3)/((-18)/650). Suppose 5*k - 97 = c. Suppose -k + 151 = 5*l. Is l a prime number?
False
Let s(n) = 8*n + 4. Let h be s(1). Let d(b) = -75*b + 38. Let u be d(h). Let p = u - -1209. Is p composite?
False
Let w(l) = 3*l + 1. Let d be ((-1)/9)/(4/12)*-3. Let b be w(d). Suppose -b*q = -2*q - 314. Is q prime?
True
Let t = 7 + -3. Suppose v - 6*v = 5, 3*q - t*v = 11383. Is q a prime number?
True
Let k(b) = 2 - 2*b - 4*b**2 - 5 - b**3 - 5. Let i be k(-4). Suppose -3*g + 10*g - 1813 = i. Is g composite?
True
Let i(g) = 338*g**2 - 3*g + 11. Is i(-8) prime?
False
Let b = -54113 + 358710. Is b composite?
False
Suppose -5*r - 3*g + 260364 = 0, 70126 = r - 5*g + 18042. Suppose 10*o + 8*o = r. Is o a prime number?
False
Let o be (-15 - (-144)/10)/(1/(-2575)). Let d = o + 148. Is d prime?
True
Let s(r) = 5584*r**2 + 20*r + 47. Is s(-2) prime?
True
Let b be (4/8)/((-5)/(-40)). Suppose -11*m - 18 = b. Is (-1)/(-5) + (m - (-24882)/15) a prime number?
True
Suppose 3*c - 22*z + 18*z - 11328 = 0, -2*c - 5*z + 7575 = 0. Let i = 163 + c. Is i a prime number?
True
Let w = -33701 + 51018. Is w a prime number?
True
Is 5330203/76*(17 + -12 - (1 + 0)) prime?
True
Is 0 - (3 - -5 - 67555) prime?
True
Suppose 5*b = 4*y - 540, 3*y + 3*b - 172 - 233 = 0. Suppose 5*f - 165 = -4*h, 4*h - 5*f - y = -4*f. Is h composite?
True
Suppose -76936 = -2*h + 2*z, -3*z - 31090 = -h + 7368. Is h composite?
True
Let n be (-37)/(-1) - (1 + -5). Let r = 165 - n. Suppose 2*k - 234 = 4*l, r = -3*k + 4*k + 5*l. Is k a composite number?
True
Let u(v) = 3*v + 26. Let k be u(-8). Is (-4)/(-6)*(k - 4494/(-12)) composite?
False
Let z = 818759 - 496338. Is z a prime number?
False
Let g = 21283 - 5409. Is g/34 - 12/(-102) a prime number?
True
Let p(k) = 8*k**3 + 10*k**2 + 7*k - 9. Let r(c) be the third derivative of c**4/4 + 23*c**3/3 - 44*c**2. Let m be r(-7). Is p(m) a composite number?
False
Is 90/180*2/4*1316212 a composite number?
False
Let f = 67 - 64. Suppose f*z - 5370 + 1404 = 0. Is z a prime number?
False
Suppose y = 2*l - 117, -7*l - 2*y = -3*l - 222. Suppose -58*z = 2*c - l*z - 18480, -3*c = 4*z - 27725. Is c composite?
False
Let f(c) = -92*c - 154. Let o be f(4). Let y = -411 - o. Is y prime?
False
Let s(m) = -11*m**2 - 19*m - 11. Let v be s(-4). Let d = 1934 - v. Is d a prime number?
False
Let b = -106 - -131. Suppose 5*d = f - b, 5*d = -3*f - 13 - 32. Is ((-2)/d)/(5/(-6990)*-2) prime?
True
Suppose 4*x + 0*s - 4*s + 116 = 0, x = 5*s - 13. Is 2103*-3*11/x + -4 prime?
True
Suppose 2*x + 147829 - 698528 = 3*a, 7*x + 5*a - 1927524 = 0. Is x composite?
False
Suppose -5*v - 3*b + 0*b = -43, -5*b - 19 = -3*v. Let c(g) = -g**2 + 9*g - 6. Let x be c(v). Suppose x*n - 72 = 542. Is n a composite number?
False
Suppose 0 = -2*t - d + 5, 5*d + 0*d = 25. Suppose -11*s - 43 + 6522 = t. Is s prime?
False
Sup